

--
-- Extraindo dados da tabela `vpr_list_style`
--

INSERT INTO `vpr_list_style` (`name`, `file`) VALUES
('Lista', 'listLines'),
('Lista com Imagem', 'listLineImages'),
('Imagem', 'listImages'),
('Permissões', 'permissoes'),
('Collunas p/ Stilo', 'menustylecollumn'),
('Gerenciamento', 'management');

--
-- Extraindo dados da tabela `vpr_login_classes`
--

INSERT INTO `vpr_login_classes` (`name`) VALUES
('Admin'),
('Site');

--
-- Extraindo dados da tabela `vpr_login_permissions`
--

INSERT INTO `vpr_login_permissions` (`name`) VALUES
('Administrador'),
('Usuário');

--
-- Extraindo dados da tabela `vpr_nav_group`
--

INSERT INTO `vpr_nav_group` (`name`, `link`, `submenu`) VALUES
('Configurações Admin', 'NULL', 1),
('Configurações Site', 'NULL', 1);

--
-- Extraindo dados da tabela `vpr_nav_group_menu`
--

INSERT INTO `vpr_nav_group_menu` (`id_group`, `name`, `link`, `visible`) VALUES
(1, 'Grupos de Menus', 'navgroup', 1),
(1, 'Menus', 'navgroupmenu', 0),
(1, 'Usuarios', 'usuarios', 1),
(1, 'Aleração de Senha', 'usuariopassword', 0),
(1, 'Permissões', 'permissoes', 0),
(1, 'Conf. menu Filho', 'navmenuchildren', 0),
(1, 'Conf. Menu Style', 'navmenustyle', 0),
(1, 'Conf. Email Envio', 'configurationmail', 1),
(1, 'Conf. Menu Style Colunas', 'navgroupmenustylecollumn', 0),
(1, 'Thumb', 'thumb', 0),
(2, 'Países', 'countries', 0),
(2, 'Estados', 'countriesstates', 1),
(2, 'Cidades', 'countriesstatescities', 0);

--
-- Extraindo dados da tabela `vpr_nav_group_menu_children`
--

INSERT INTO `vpr_nav_group_menu_children` (`id_menu`, `name`, `link`, `default`) VALUES
(1, 'Geral', '', 1),
(1, 'Uploads', 'upload', 0),
(2, 'Geral', '', 1),
(2, 'Uploads', 'upload', 0),
(3, 'Geral', '', 1),
(3, 'Uploads', 'upload', 0),
(4, 'Geral', '', 1),
(4, 'Uploads', 'upload', 0),
(5, 'Geral', '', 1),
(5, 'Uploads', 'upload', 0),
(6, 'Geral', '', 1),
(6, 'Uploads', 'upload', 0),
(7, 'Geral', '', 1),
(7, 'Uploads', 'upload', 0),
(8, 'Geral', '', 1),
(8, 'Uploads', 'upload', 0),
(9, 'Geral', '', 1),
(9, 'Uploads', 'upload', 0),
(10, 'Geral', '', 1),
(10, 'Uploads', 'upload', 0),
(11, 'Geral', '', 1),
(11, 'Uploads', 'upload', 0),
(12, 'Geral', '', 1),
(12, 'Uploads', 'upload', 0),
(13, 'Geral', '', 1),
(13, 'Uploads', 'upload', 0),
(1, 'Menus', 'navgroupmenu', 0),
(2, 'Conf. Filhos', 'navmenuchildren', 0),
(2, 'Conf. Busca', 'navmenusearch', 0),
(2, 'Conf. Style', 'navmenustyle', 0),
(3, 'Alerar Senha', 'usuariopassword', 0),
(3, 'Permissões', 'permissoes', 0),
(7, 'Lista Colunas', 'navgroupmenustylecollumn', 0),
(2, 'Thumb', 'thumb', 0),
(11, 'Estados', 'countriesstates', 0),
(12, 'Cidades', 'countriesstatescities', 0);

--
-- Extraindo dados da tabela `vpr_nav_group_menu_style`
--

INSERT INTO `vpr_nav_group_menu_style` ( `id_menu`, `id_style`, `default`) VALUES
(1, 1, 1),
(2, 1, 1),
(3, 1, 1),
(4, 1, 1),
(5, 1, 1),
(6, 1, 1),
(7, 1, 1),
(8, 1, 1),
(9, 5, 1),
(10, 1, 1),
(11, 1, 1),
(12, 1, 1),
(13, 1, 1);

--
-- Extraindo dados da tabela `vpr_nav_group_menu_style_collumns`
--

INSERT INTO `vpr_nav_group_menu_style_collumns` (`id_menu_style`, `name`, `collumn`, `default`, `order`, `function`, `legenth`, `size`) VALUES
(1, 'ID', 'id_nav_group', 1, 'asc', 0, 0, 10),
(1, 'Nome Do Grupo', 'name', 0, 'asc', 0, 0, 40),
(1, 'Link', 'link', 0, 'asc', 0, 0, 30),
(1, 'Criado em:', 'created_at', 0, 'desc', 0, 0, 20),
(2, 'Id', 'id_nav_group_menu', 1, 'asc', 0, 0, 10),
(2, 'Nome Do Menu', 'name', 0, 'asc', 0, 0, 50),
(2, 'Link', 'link', 0, 'asc', 0, 0, 40),
(7, 'ID', 'id_menu_style', 1, 'asc', 0, 0, 10),
(9, 'ID', 'id_menu_style_list', 1, 'asc', 0, 0, 10),
(3, 'Id', 'id_login_user', 1, 'asc', 0, 0, 10),
(3, 'Nome do Usuário', 'name', 0, 'null', 0, 250, 40),
(3, 'E-mail', 'email', 0, 'null', 0, 250, 50),
(4, 'ID', 'id_login_user', 1, 'asc', 0, 0, 10),
(5, 'ID', 'id_permission', 1, 'asc', 0, 0, 10),
(5, 'Menu', 'id_menu', 0, 'asc', 1, 0, 10),
(5, 'Grupo', 'id_grupo', 0, 'asc', 1, 0, 10),
(5, 'Perm. Visualizar', 'view', 0, 'asc', 1, 0, 10),
(6, 'ID', 'id_menu_children', 1, 'asc', 0, 0, 10),
(10, 'ID', 'id_thumb', 1, 'asc', 0, 0, 10),
(11, 'ID', 'id_country', 1, 'asc', 0, 0, 10),
(12, 'ID', 'id_state', 1, 'asc', 0, 0, 10),
(13, 'ID', 'id_city', 1, 'asc', 0, 0, 10),
(5, 'Perm. Editar', 'edit', 0, 'asc', 1, 0, 10),
(5, 'Perm. Adicionar', 'add', 0, 'asc', 1, 0, 10),
(5, 'Perm. Delete', 'delete', 0, 'asc', 1, 0, 10),
(5, 'Perm. Upar', 'upload', 0, 'asc', 1, 0, 10),
(7, 'Stylo', 'id_style', 0, 'asc', 1, 0, 40),
(7, 'Default', 'default', 0, 'asc', 1, 0, 30),
(6, 'Nome', 'name', 0, 'asc', 0, 0, 40),
(9, 'Nome', 'name', 0, 'asc', 0, 0, 40),
(9, 'Coluna', 'collumn', 0, 'asc', 0, 0, 40),
(9, 'Default', 'default', 0, 'asc', 0, 0, 10),
(8, 'ID', 'id_configuration', 1, 'asc', 0, 0, 10),
(8, 'SMTP', 'smtp', 0, 'asc', 0, 0, 40),
(8, 'E-mail de Envio', 'mail_send', 0, 'asc', 0, 0, 40),
(8, 'Porta SMTP', 'smtp_port', 0, 'asc', 0, 0, 10),
(10, 'Largura', 'width', 0, 'asc', 0, 0, 30),
(10, 'Altura', 'height', 0, 'asc', 0, 0, 30),
(10, 'Cortar em', 'cut', 0, 'asc', 0, 0, 30),
(11, 'Nome', 'name', 0, 'asc', 0, 0, 90),
(12, 'Pais', 'id_country', 0, 'asc', 1, 0, 40),
(12, 'Estado', 'name', 0, 'asc', 0, 0, 40),
(12, 'UF', 'uf', 0, 'asc', 0, 0, 10),
(13, 'Pais', 'id_state', 0, 'asc', 1, 0, 40),
(13, 'Cidade', 'name', 0, 'asc', 0, 0, 40);

--
-- Extraindo dados da tabela `vpr_permission`
--

INSERT INTO `vpr_permission` (`id_menu`, `id_group`, `id_user`, `view`, `edit`, `add`, `upload`) VALUES
(1, 1, 1, 1, 1, 1, 1),
(2, 1, 1, 1, 1, 1, 1),
(3, 1, 1, 1, 1, 1, 1),
(4, 1, 1, 1, 1, 1, 1),
(5, 1, 1, 1, 1, 1, 1),
(6, 1, 1, 1, 1, 1, 1),
(7, 1, 1, 1, 1, 1, 1),
(8, 1, 1, 1, 1, 1, 1),
(9, 1, 1, 1, 1, 1, 1),
(10, 1, 1, 1, 1, 1, 1),
(11, 2, 1, 1, 1, 1, 1),
(12, 2, 1, 1, 1, 1, 1),
(13, 2, 1, 1, 1, 1, 1);